what is 9d306 - -273?
9d579
In base 4, what is -30231 + -2132320?
-2223211
In base 8, what is -6442 - 351263?
-357725
In base 5, what is 12 - -143331322132?
143331322144
In base 11, what is 9a357 + -2?
9a355
In base 10, what is 113 + 446074?
446187
In base 14, what is 523d3cd6 - 1?
523d3cd5
In base 6, what is -55435533141 + -2?
-55435533143
In base 2, what is 100101101 + 1100010101100?
1100111011001
In base 12, what is -189 + 11b57a?
11b3b1
In base 12, what is -11 - 320b037?
-320b048
In base 4, what is 212 - -100033022013?
100033022231
In base 14, what is 2c - -b410b?
b4139
In base 4, what is -1003 - -30033010?
30032001
In base 8, what is -10415 - -7043?
-1352
In base 15, what is 14439b5 + -1?
14439b4
In base 12, what is 17b12a856 + -1?
17b12a855
In base 12, what is 3a + -241a92?
-241a54
In base 8, what is -3716037 + 17?
-3716020
In base 3, what is -11020022011001201 + -11?
-11020022011001212
In base 9, what is 14866870 + -48?
14866821
In base 13, what is -4038 + -173?
-41ab
In base 11, what is 2239156 - 20?
2239136
In base 5, what is 10222022134 + -10?
10222022124
In base 16, what is -802960 + -2?
-802962
In base 3, what is 100001211 - 2110022?
20121112
In base 4, what is -2 + 11033322130?
11033322122
In base 7, what is -354 + -154616?
-155303
In base 9, what is -567 - -12323?
11645
In base 14, what is -5 - 1c0b50?
-1c0b55
In base 12, what is -26300b - 0?
-26300b
In base 9, what is 6180731 - -1?
6180732
In base 13, what is 272 + 8155?
83c7
In base 9, what is 1202827515 - -2?
1202827517
In base 16, what is f286fd5 + -4?
f286fd1
In base 10, what is 14 - 631865?
-631851
In base 3, what is -1110101121220012010 - -10?
-1110101121220012000
In base 9, what is -2 + -35482038?
-35482041
In base 7, what is 2 + 156404545?
156404550
In base 10, what is -108 + -257576?
-257684
In base 8, what is 10427476 + 4?
10427502
In base 13, what is -3 - 12cbb57?
-12cbb5a
In base 6, what is 1025 - -1452453?
1453522
In base 4, what is -13202313203 + -10?
-13202313213
In base 14, what is -25 + -19d9586?
-19d95ab
In base 5, what is -243343 + -2130?
-301023
In base 8, what is 37472304 + -3?
37472301
In base 5, what is -33412420 + 11042?
-33401323
In base 10, what is 10 + 8895497?
8895507
In base 15, what is 9c59d - 0?
9c59d
In base 9, what is -188 + -257861?
-258160
In base 3, what is 11110220212112 - 12?
11110220212100
In base 3, what is 12 + 111022212122122?
111022212122211
In base 6, what is 154131323 - -111?
154131434
In base 12, what is 6266 + -684?
57a2
In base 15, what is 2ccdbd - -1b?
2ccdd9
In base 15, what is 1601c + -13?
16009
In base 6, what is 1 + -101500224?
-101500223
In base 11, what is 2687 + -12a79?
-103a2
In base 9, what is 1 + 1547777?
1547778
In base 16, what is -30c6e + -28f?
-30efd
In base 14, what is 2ba3 - -503?
32a6
In base 11, what is 8a7 - -1636?
2432
In base 13, what is 64176 + 23?
64199
In base 6, what is -2 - -15142405222?
15142405220
In base 3, what is 1121121020 + 101011?
1121222101
In base 10, what is -17069701 + -8?
-17069709
In base 12, what is -1aa3ab2 + -3?
-1aa3ab5
In base 8, what is -1471 - 37517?
-41210
In base 7, what is -1146314 - 1164?
-1150511
In base 9, what is -24083454 + -5?
-24083460
In base 5, what is 2 + 111001212300?
111001212302
In base 3, what is -1211020012120 + -112?
-1211020020002
In base 2, what is -11100111010 - -1111110011011?
1100001100001
In base 7, what is 1342655 - 661?
1341664
In base 15, what is -7 + -10c0bd?
-10c0c5
In base 6, what is -5443 - 2413?
-12300
In base 9, what is -47 - 525336?
-525384
In base 12, what is -5133 + 2087?
-3068
In base 12, what is -31b34 + -481?
-323b5
In base 6, what is -15 - 2104210320?
-2104210335
In base 6, what is 40110 - -5403?
45513
In base 8, what is -3742654 + -163?
-3743037
In base 6, what is 2530315 + -232?
2530043
In base 2, what is -101 + 10001101100010011011100?
10001101100010011010111
In base 8, what is -31 - 302177756?
-302200007
In base 11, what is 3974597 - -83?
397466a
In base 4, what is 223132003332 - 123?
223132003203
In base 3, what is 100200122120002000 - 10?
100200122120001220
In base 8, what is -244 + 6644?
6400
In base 8, what is -5331 + -3537?
-11070
In base 7, what is -104 - -16066000?
16065563
In base 5, what is 3 - -13213100041?
13213100044
In base 9, what is 15 - 1236567?
-1236552
In base 2, what is 1001110001 - -100001000011?
101010110100
In base 10, what is -2684757 - 7?
-2684764
In base 3, what is -112 + -101011112210?
-101011120022
In base 12, what is 2 - 24968b8?
-24968b6
In base 7, what is -20355 + 1366?
-15656
In base 5, what is 2023320 - 130?
2023140
In base 9, what is 1836 + -364077?
-362141
In base 10, what is -54 - -1552314?
1552260
In base 9, what is 137281406 + -5?
137281401
In base 11, what is 11667 + -1950?
a817
In base 2, what is 1011111111010 + 1100101110011?
11000101101101
In base 8, what is -2 + 106544476?
106544474
In base 2, what is 100101111001101111110011 - 1011?
100101111001101111101000
In base 2, what is -101100101 + 11001101011001010?
11001100101100101
In base 6, what is 1 - -455443310?
455443311
In base 4, what is -1000102032 - -1203?
-1000100223
In base 12, what is -100 + 88b0?
87b0
In base 13, what is 612 - -3124?
3736
In base 8, what is -4 + -21605021?
-21605025
In base 11, what is 0 + -16022a0?
-16022a0
In base 3, what is 10 - -111201021110000212?
111201021110000222
In base 16, what is 310 + -25d9?
-22c9
In base 2, what is 101111100001000 - -100110011110?
110100010100110
In base 5, what is 214 + 10344241443?
10344242212
In base 7, what is -5 + -56543434?
-56543442
In base 9, what is -2426071 - 3?
-2426074
In base 2, what is 1011110101001 + 10001011100?
1110000000101
In base 4, what is -1 - 13323221010021?
-13323221010022
In base 11, what is 25 + -840434?
-84040a
In base 7, what is 2645 + -335225?
-332250
In base 10, what is 234400221 - 5?
234400216
In base 10, what is -80046229 - -1?
-80046228
In base 14, what is 49 + -c2387a?
-c23831
In base 6, what is -113 + 1313053204?
1313053051
In base 15, what is -2875b6a - 4?
-2875b6e
In base 2, what is -10100010010000010101 + 11111101?
-10100010001100011000
In base 3, what is 20 - -202120210100?
202120210120
In base 15, what is -5a5d062 - b?
-5a5d06d
In base 7, what is 3 - -166622555?
166622561
In base 5, what is 3121 + -2413134?
-2410013
In base 7, what is 22 + -4412266?
-4412244
In base 6, what is -1100155 - 11453?
-1112052
In base 4, what is -223303331222 + 122?
-223303331100
In base 15, what is de3 - -1e81?
2d74
In base 11, what is -8a07 + -a0?
-8aa7
In base 2, what is -110111100000 + -101101111001?
-1100101011001
In base 11, what is -103 - 23645?
-23748
In base 6, what is 21144551 - -1?
21144552
In base 9, what is -37801 - 1544?
-40445
In base 10, what is -810483 - -23?
-810460
In base 2, what is 100111011 + 11011110000?
100000101011
In base 13, what is 49 + -14962?
-14916
In base 3, what is 1 - -21101201021121121?
21101201021121122
In base 7, what is -2121 - -645200?
643046
In base 8, what is 1146036 - 565?
1145251
In base 14, what is 2 + 4c8b848?
4c8b84a
In base 3, what is 21102012 + -210102?
20121210
In base 4, what is -300 + -1032001223?
-1032002123
In base 8, what is 3433 + 311056?
314511
In base 11, what is a4a + -2973?
-1a24
In base 16, what is -332a52 + -1?
-332a53
In base 8, what is -27500244 - -56?
-27500166
In base 7, what is -10426 - 12540?
-23266
In base 14, what is -1768603 + -3?
-1768606
In base 5, what is -13300234 + -34?
-13300323
In base 13, what is -7 - -2463159?
2463152
In base 10, what is -319 + -574?
-893
In base 12, what is -5a75 - 2a726?
-3459b
In base 9, what is -40 + 53446?
53406
In base 10, what is 884962 - -10?
884972
In base 12, what is -1227aa - 79?
-122867
In base 13, what is -1a612 - 1587?
-1bb99
In base 8, what is -21 - 17250745?
-17250766
In base 2, what is -10111001011110 - 1100110010011?
-100011111110001
In base 16, what is -2e0f527 + -5?
-2e0f52c
In base 13, what is 1 + 695998?
695999
In base 16, what is -570d5 - -76?
-5705f
In base 3, what is 2022 + -220011102111?
-220011100012
In base 11, what is 27 + 26a829?
26a855
In base 11, what is 5 + -18723468?
-18723463
In base 12, what is -1a80 + -1123?
-2ba3
In base 16, what is 0 + -6197bf?
-6197bf
In base 15, what is -4 + 9828c50?
9828c4b
In base 14, what is -78 - -12b65?
12acb
In base 3,